{"id":69,"date":"2009-06-06T15:28:48","date_gmt":"2009-06-06T13:28:48","guid":{"rendered":"http:\/\/www.z-ware.hu\/portal\/?page_id=69"},"modified":"2024-09-29T23:07:30","modified_gmt":"2024-09-29T21:07:30","slug":"halozat","status":"publish","type":"page","link":"https:\/\/www.z-ware.hu\/portal\/szolgaltatasaink\/halozat\/","title":{"rendered":"H\u00e1l\u00f3zatok tervez\u00e9se, kivitelez\u00e9se"},"content":{"rendered":"<p style=\"text-align: justify;\"><strong><span style=\"font-size: small;\"><a href=\"https:\/\/www.z-ware.hu\/portal\/wp-content\/uploads\/2009\/06\/1055_l.jpg\"><img loading=\"lazy\" decoding=\"async\" class=\"alignright size-thumbnail wp-image-962\" src=\"https:\/\/www.z-ware.hu\/portal\/wp-content\/uploads\/2009\/06\/1055_l-150x150.jpg\" alt=\"1055_l\" width=\"150\" height=\"150\" srcset=\"https:\/\/www.z-ware.hu\/portal\/wp-content\/uploads\/2009\/06\/1055_l-150x150.jpg 150w, https:\/\/www.z-ware.hu\/portal\/wp-content\/uploads\/2009\/06\/1055_l-300x300.jpg 300w, https:\/\/www.z-ware.hu\/portal\/wp-content\/uploads\/2009\/06\/1055_l-100x100.jpg 100w\" sizes=\"auto, (max-width: 150px) 100vw, 150px\" \/><\/a>H\u00e1l\u00f3zatok tervez\u00e9se, kivitelez\u00e9se<\/span><\/strong><\/p>\n<p style=\"text-align: justify;\">Inform\u00e1ci\u00f3s t\u00e1rsadalmunkban legf\u0151bb gazdas\u00e1gi \u00e9rt\u00e9k\u00fcnkk\u00e9 az inform\u00e1ci\u00f3 v\u00e1lt. A v\u00e1llalkoz\u00e1sok sz\u00e1m\u00e1ra elengedhetetlen a gyors inform\u00e1ci\u00f3szerz\u00e9s \u00e9s a szervezeten bel\u00fcli inform\u00e1ci\u00f3megoszt\u00e1s \u00e9s -feldolgoz\u00e1s. A hat\u00e9kony \u00fczletmenethez minden v\u00e1llalkoz\u00e1snak sz\u00fcks\u00e9ge van informatikai h\u00e1l\u00f3zatra, ha t\u00f6bb sz\u00e1m\u00edt\u00f3g\u00e9ppel rendelkezik (term\u00e9szetesen min\u00e9l nagyobb a szervezet, ann\u00e1l nagyobb \u00e9s \u00f6sszetettebb h\u00e1l\u00f3zatra van sz\u00fcks\u00e9ge).<br \/>\nHogy c\u00e9ge informatikai rendszere az \u00d6n ig\u00e9nyei szerint, testre szabottan \u00e9s megb\u00edzhat\u00f3an m\u0171k\u00f6dj\u00f6n, a helyi adotts\u00e1goknak megfelel\u0151en tervezz\u00fck meg sz\u00e1m\u00edt\u00f3g\u00e9pes-, illetve prezent\u00e1ci\u00f3s h\u00e1l\u00f3zat\u00e1t.<br \/>\nA kivitelez\u00e9s sor\u00e1n nem csak a h\u00e1l\u00f3zati infrastrukt\u00far\u00e1t \u00e9p\u00edtj\u00fck ki, hanem konfigur\u00e1ljuk a h\u00e1l\u00f3zati szolg\u00e1ltat\u00e1sokat \u00e9s a munka\u00e1llom\u00e1sokat illesztj\u00fck h\u00e1l\u00f3zat\u00e1hoz. A munka v\u00e9g\u00e9n elk\u00e9sz\u00edtj\u00fck a rendszerdokument\u00e1ci\u00f3t, hogy a j\u00f6v\u0151beni fejleszt\u00e9seket, b\u0151v\u00edt\u00e9seket k\u00f6nnyebb legyen elv\u00e9gezni, valamint munkat\u00e1rsai seg\u00edts\u00e9get kapjanak a h\u00e1l\u00f3zat haszn\u00e1lat\u00e1hoz.<\/p>\n<p style=\"text-align: justify;\"><em><strong>H\u00e1l\u00f3zatok kivitelez\u00e9s\u00e9t a k\u00f6vetkez\u0151 szoftverk\u00f6rnyezetekben v\u00e1llaljuk: <\/strong><\/em><\/p>\n<table border=\"0\" width=\"480\" cellspacing=\"1\" cellpadding=\"1\" align=\"center\">\n<tbody>\n<tr>\n<td align=\"center\" valign=\"top\" width=\"20\"><img loading=\"lazy\" decoding=\"async\" src=\"http:\/\/www.z-ware.hu\/portal\/wp-content\/uploads\/2009\/06\/001_21.png\" alt=\"\" width=\"12\" height=\"12\" \/><\/td>\n<td style=\"text-align: justify;\" valign=\"top\">Linux (Debian, CentOS, Ubuntu) szerver, desktop<\/td>\n<\/tr>\n<tr>\n<td align=\"center\" valign=\"top\" width=\"20\"><img loading=\"lazy\" decoding=\"async\" src=\"http:\/\/www.z-ware.hu\/portal\/wp-content\/uploads\/2009\/06\/001_21.png\" alt=\"\" width=\"12\" height=\"12\" \/><\/td>\n<td style=\"text-align: justify;\" valign=\"top\">Microsoft Windows szerver, Exchange, desktop<\/td>\n<\/tr>\n<tr>\n<td align=\"center\" valign=\"top\" width=\"20\"><img loading=\"lazy\" decoding=\"async\" src=\"http:\/\/www.z-ware.hu\/portal\/wp-content\/uploads\/2009\/06\/001_21.png\" alt=\"\" width=\"12\" height=\"12\" \/><\/td>\n<td style=\"text-align: justify;\" valign=\"top\">Citrix XEN, VMware, Hyper-V<\/td>\n<\/tr>\n<\/tbody>\n<\/table>\n<p>A sz\u00e1m\u00edt\u00f3g\u00e9ph\u00e1l\u00f3zatokon k\u00edv\u00fcl tervez\u00fcnk \u00e9s kivitelez\u00fcnk prezent\u00e1ci\u00f3s rendszereket, valamint IP alap\u00fa telefonh\u00e1l\u00f3zatot is, melynek kivitelez\u00e9se strukt\u00far\u00e1ltan t\u00f6rt\u00e9nik, hogy sz\u00e1m\u00edt\u00f3g\u00e9ph\u00e1l\u00f3zat\u00e1val egy\u00fcttm\u0171k\u00f6d\u00e9sre legyen k\u00e9pes.<\/p>\n<table border=\"0\" width=\"480\" cellspacing=\"0\" cellpadding=\"1\" align=\"center\">\n<tbody>\n<tr>\n<td style=\"text-align: center;\"><img loading=\"lazy\" decoding=\"async\" class=\"aligncenter wp-image-241 size-full\" title=\"network\" src=\"https:\/\/www.z-ware.hu\/portal\/wp-content\/uploads\/2009\/06\/network.jpg\" alt=\"network\" width=\"1024\" height=\"506\" srcset=\"https:\/\/www.z-ware.hu\/portal\/wp-content\/uploads\/2009\/06\/network.jpg 1024w, https:\/\/www.z-ware.hu\/portal\/wp-content\/uploads\/2009\/06\/network-600x296.jpg 600w, https:\/\/www.z-ware.hu\/portal\/wp-content\/uploads\/2009\/06\/network-300x148.jpg 300w\" sizes=\"auto, (max-width: 1024px) 100vw, 1024px\" \/><\/td>\n<\/tr>\n<\/tbody>\n<\/table>\n<p style=\"text-align: justify;\"><strong><span style=\"font-size: small;\">Rendszerkarbantart\u00e1s, fel\u00fcgyelet<br \/>\n<\/span><\/strong><\/p>\n<p style=\"text-align: justify;\">Az IT rendszerek eset\u00e9ben is fontos k\u00f6vetelm\u00e9ny, hogy azok folyamatos \u00e9s megb\u00edzhat\u00f3 m\u0171k\u00f6d\u00e9sre legyenek k\u00e9pesek. Ez csak rendszeres karbantart\u00e1s mellett lehets\u00e9ges. Ahhoz, hogy elker\u00fclje a rendszer\u00e9nek v\u00e1ratlan \u00f6sszeoml\u00e1s\u00e1t, \u00e9ljen fel\u00fcgyeleti \u00e9s karbantart\u00e1si szolg\u00e1ltat\u00e1sainkkal.<\/p>\n<p style=\"text-align: justify;\">\n","protected":false},"excerpt":{"rendered":"<p>H\u00e1l\u00f3zatok tervez\u00e9se, kivitelez\u00e9se Inform\u00e1ci\u00f3s t\u00e1rsadalmunkban legf\u0151bb gazdas\u00e1gi \u00e9rt\u00e9k\u00fcnkk\u00e9 az inform\u00e1ci\u00f3 v\u00e1lt. A v\u00e1llalkoz\u00e1sok sz\u00e1m\u00e1ra elengedhetetlen a gyors inform\u00e1ci\u00f3szerz\u00e9s \u00e9s a szervezeten bel\u00fcli inform\u00e1ci\u00f3megoszt\u00e1s \u00e9s -feldolgoz\u00e1s. A hat\u00e9kony \u00fczletmenethez minden v\u00e1llalkoz\u00e1snak &#8230;<\/p>\n","protected":false},"author":1,"featured_media":0,"parent":16,"menu_order":2,"comment_status":"closed","ping_status":"closed","template":"","meta":{"footnotes":""},"class_list":["post-69","page","type-page","status-publish","hentry"],"aioseo_notices":[],"jetpack_sharing_enabled":true,"_links":{"self":[{"href":"https:\/\/www.z-ware.hu\/portal\/wp-json\/wp\/v2\/pages\/69","targetHints":{"allow":["GET"]}}],"collection":[{"href":"https:\/\/www.z-ware.hu\/portal\/wp-json\/wp\/v2\/pages"}],"about":[{"href":"https:\/\/www.z-ware.hu\/portal\/wp-json\/wp\/v2\/types\/page"}],"author":[{"embeddable":true,"href":"https:\/\/www.z-ware.hu\/portal\/wp-json\/wp\/v2\/users\/1"}],"replies":[{"embeddable":true,"href":"https:\/\/www.z-ware.hu\/portal\/wp-json\/wp\/v2\/comments?post=69"}],"version-history":[{"count":59,"href":"https:\/\/www.z-ware.hu\/portal\/wp-json\/wp\/v2\/pages\/69\/revisions"}],"predecessor-version":[{"id":1170,"href":"https:\/\/www.z-ware.hu\/portal\/wp-json\/wp\/v2\/pages\/69\/revisions\/1170"}],"up":[{"embeddable":true,"href":"https:\/\/www.z-ware.hu\/portal\/wp-json\/wp\/v2\/pages\/16"}],"wp:attachment":[{"href":"https:\/\/www.z-ware.hu\/portal\/wp-json\/wp\/v2\/media?parent=69"}],"curies":[{"name":"wp","href":"https:\/\/api.w.org\/{rel}","templated":true}]}}