{"id":7,"date":"2009-06-02T08:17:08","date_gmt":"2009-06-02T06:17:08","guid":{"rendered":"http:\/\/www.z-ware.hu\/portal\/?page_id=7"},"modified":"2019-09-01T20:20:23","modified_gmt":"2019-09-01T18:20:23","slug":"bemutatkozas","status":"publish","type":"page","link":"https:\/\/www.z-ware.hu\/portal\/bemutatkozas\/","title":{"rendered":"Bemutatkoz\u00e1s"},"content":{"rendered":"<p class=\"style1\" align=\"justify\"><img loading=\"lazy\" decoding=\"async\" class=\"alignright size-full wp-image-14\" title=\"logo_z-ware_uj\" src=\"http:\/\/www.z-ware.hu\/portal\/wp-content\/uploads\/2009\/06\/logo_z-ware_uj.gif\" alt=\"logo_z-ware_uj\" width=\"180\" height=\"88\" align=\"right\" \/><\/p>\n<p>V\u00e1llalkoz\u00e1sunkat 2008 elej\u00e9n, k\u00e9t nagy m\u00falt\u00fa v\u00e1llalkoz\u00e1s egyes\u00fcl\u00e9s\u00e9vel, t\u00f6bb mint 10 \u00e9v szakmai tapasztalattal ind\u00edtottuk azzal a c\u00e9llal, hogy sz\u00ednvonalas szolg\u00e1ltat\u00e1st ny\u00fajtsunk megl\u00e9v\u0151 \u00e9s leend\u0151 kedves \u00fcgyfeleimnek.<\/p>\n<p class=\"style1\" align=\"justify\">C\u00e9g\u00fcnk f\u0151k\u00e9nt sz\u00e1m\u00edt\u00f3g\u00e9pes h\u00e1l\u00f3zatok kialak\u00edt\u00e1s\u00e1val \u00e9s karbantart\u00e1s\u00e1val, valamint rendszerek fel\u00fcgyelet\u00e9vel \u00e9s Internet szolg\u00e1ltat\u00e1sokkal foglalkozik.<\/p>\n<p class=\"style1\" align=\"justify\">Ezen k\u00edv\u00fcl sz\u00e1mos m\u00e1s szolg\u00e1ltat\u00e1st biztos\u00edtunk mind mag\u00e1nszem\u00e9lyek, mind pedig c\u00e9gek r\u00e9sz\u00e9re.<\/p>\n<p class=\"style1\" align=\"justify\">Referenci\u00e1ink k\u00f6z\u00f6tt korm\u00e1nyzati-, eg\u00e9szs\u00e9g\u00fcgyi-, sz\u00e1llodaipari- \u00e9s oktat\u00e1si int\u00e9zm\u00e9nyek tal\u00e1lhat\u00f3k. Nemzetk\u00f6zi tapasztalatokkal, sikeres eszk\u00f6zsz\u00e1ll\u00edt\u00e1sokkal \u00e9s pl. eg\u00e9szs\u00e9g\u00fcgyi-, oktat\u00e1si-, gazdas\u00e1gi rendszerek menedzsel\u00e9s\u00e9nek tapasztalat\u00e1val rendelkez\u00fcnk.<\/p>\n<p class=\"style1\" align=\"justify\">Megb\u00edz\u00e1sokat az orsz\u00e1g b\u00e1rmely pontj\u00e1n teljes\u00edt\u00fcnk.<\/p>\n<p>A szolg\u00e1ltat\u00e1sok sz\u00ednvonal\u00e1t t\u00f6bb, mint 20 \u00e9v szakmai tapasztalat garant\u00e1lja.<\/p>\n<p class=\"style1\" style=\"text-align: center;\"><img loading=\"lazy\" decoding=\"async\" class=\"aligncenter wp-image-277 size-full\" title=\"montazs\" src=\"https:\/\/www.z-ware.hu\/portal\/wp-content\/uploads\/2009\/06\/montazs.png\" alt=\"montazs\" width=\"480\" height=\"96\" align=\"middle\" srcset=\"https:\/\/www.z-ware.hu\/portal\/wp-content\/uploads\/2009\/06\/montazs.png 480w, https:\/\/www.z-ware.hu\/portal\/wp-content\/uploads\/2009\/06\/montazs-300x60.png 300w\" sizes=\"auto, (max-width: 480px) 100vw, 480px\" \/><\/p>\n<p><a href=\"https:\/\/www.z-ware.hu\/portal\/wp-content\/uploads\/2019\/07\/microsoft-csp-partner.png\"><img loading=\"lazy\" decoding=\"async\" class=\"alignright size-medium wp-image-1106\" src=\"https:\/\/www.z-ware.hu\/portal\/wp-content\/uploads\/2019\/07\/microsoft-csp-partner-300x110.png\" alt=\"\" width=\"300\" height=\"110\" srcset=\"https:\/\/www.z-ware.hu\/portal\/wp-content\/uploads\/2019\/07\/microsoft-csp-partner-300x110.png 300w, https:\/\/www.z-ware.hu\/portal\/wp-content\/uploads\/2019\/07\/microsoft-csp-partner.png 314w\" sizes=\"auto, (max-width: 300px) 100vw, 300px\" \/><\/a><\/p>\n<p><a href=\"https:\/\/www.z-ware.hu\/portal\/wp-content\/uploads\/2019\/09\/logo_axis_authorized.jpg\"><img loading=\"lazy\" decoding=\"async\" class=\"alignright size-medium wp-image-1119\" src=\"https:\/\/www.z-ware.hu\/portal\/wp-content\/uploads\/2019\/09\/logo_axis_authorized-300x195.jpg\" alt=\"\" width=\"300\" height=\"195\" srcset=\"https:\/\/www.z-ware.hu\/portal\/wp-content\/uploads\/2019\/09\/logo_axis_authorized-300x195.jpg 300w, https:\/\/www.z-ware.hu\/portal\/wp-content\/uploads\/2019\/09\/logo_axis_authorized.jpg 500w\" sizes=\"auto, (max-width: 300px) 100vw, 300px\" \/><\/a><\/p>\n\n","protected":false},"excerpt":{"rendered":"<p>V\u00e1llalkoz\u00e1sunkat 2008 elej\u00e9n, k\u00e9t nagy m\u00falt\u00fa v\u00e1llalkoz\u00e1s egyes\u00fcl\u00e9s\u00e9vel, t\u00f6bb mint 10 \u00e9v szakmai tapasztalattal ind\u00edtottuk azzal a c\u00e9llal, hogy sz\u00ednvonalas szolg\u00e1ltat\u00e1st ny\u00fajtsunk megl\u00e9v\u0151 \u00e9s leend\u0151 kedves \u00fcgyfeleimnek. C\u00e9g\u00fcnk f\u0151k\u00e9nt sz\u00e1m\u00edt\u00f3g\u00e9pes &#8230;<\/p>\n","protected":false},"author":1,"featured_media":14,"parent":0,"menu_order":1,"comment_status":"closed","ping_status":"closed","template":"","meta":{"footnotes":""},"class_list":["post-7","page","type-page","status-publish","has-post-thumbnail","hentry"],"aioseo_notices":[],"jetpack_sharing_enabled":true,"_links":{"self":[{"href":"https:\/\/www.z-ware.hu\/portal\/wp-json\/wp\/v2\/pages\/7","targetHints":{"allow":["GET"]}}],"collection":[{"href":"https:\/\/www.z-ware.hu\/portal\/wp-json\/wp\/v2\/pages"}],"about":[{"href":"https:\/\/www.z-ware.hu\/portal\/wp-json\/wp\/v2\/types\/page"}],"author":[{"embeddable":true,"href":"https:\/\/www.z-ware.hu\/portal\/wp-json\/wp\/v2\/users\/1"}],"replies":[{"embeddable":true,"href":"https:\/\/www.z-ware.hu\/portal\/wp-json\/wp\/v2\/comments?post=7"}],"version-history":[{"count":24,"href":"https:\/\/www.z-ware.hu\/portal\/wp-json\/wp\/v2\/pages\/7\/revisions"}],"predecessor-version":[{"id":1127,"href":"https:\/\/www.z-ware.hu\/portal\/wp-json\/wp\/v2\/pages\/7\/revisions\/1127"}],"wp:featuredmedia":[{"embeddable":true,"href":"https:\/\/www.z-ware.hu\/portal\/wp-json\/wp\/v2\/media\/14"}],"wp:attachment":[{"href":"https:\/\/www.z-ware.hu\/portal\/wp-json\/wp\/v2\/media?parent=7"}],"curies":[{"name":"wp","href":"https:\/\/api.w.org\/{rel}","templated":true}]}}